132966
In base 12, what is -aa0 + -204?
-10a4
In base 2, what is 1110010001110110 + -100?
1110010001110010
In base 8, what is -647 + -24611?
-25460
In base 12, what is 5459 - -1?
545a
In base 8, what is -10 + -236240?
-236250
In base 7, what is -44210 + 30?
-44150
In base 10, what is -1 - -23491?
23490
In base 16, what is -3 - 3a30a?
-3a30d
In base 15, what is -4 - 206bb?
-206c0
In base 9, what is 1 - -66013?
66014
In base 14, what is d + 1b17?
1b26
In base 5, what is 10 + 110332434?
110332444
In base 3, what is 22 + 1220220211?
1220221010
In base 3, what is -10 - -1110111122?
1110111112
In base 3, what is -2101 - 2000012?
-2002120
In base 14, what is 169a - 12?
1688
In base 13, what is a - -1a15?
1a22
In base 15, what is 4d + 160b?
1659
In base 8, what is -6 - -571004?
570776
In base 2, what is -101001011 + 1101001101000?
1100100011101
In base 11, what is 2713 + -91?
2632
In base 7, what is 0 - -3065403?
3065403
In base 10, what is -3 + 1685?
1682
In base 4, what is 1311301302 - 10?
1311301232
In base 6, what is -2501411 + -3?
-2501414
In base 14, what is -355 - 7?
-35c
In base 13, what is 0 - 368c3?
-368c3
In base 6, what is 1012 - 2241?
-1225
In base 7, what is 351124 - -4?
351131
In base 9, what is 1 - -13644?
13645
In base 3, what is -120201212 + -1?
-120201220
In base 12, what is 43658 - -2?
4365a
In base 12, what is 729b + 5?
72a4
In base 5, what is -2030204 + 0?
-2030204
In base 11, what is a992 + -5?
a988
In base 2, what is -1101100010001100 + 11?
-1101100010001001
In base 5, what is 2413 - 21434?
-14021
In base 15, what is 12482 - -6?
12488
In base 12, what is -16087 + -5?
-16090
In base 2, what is 1101001001001001110 - 10?
1101001001001001100
In base 8, what is 35754 + 122?
36076
In base 6, what is 1445 + -52?
1353
In base 8, what is 2 - 646037?
-646035
In base 14, what is -804 + -1c?
-822
In base 2, what is 111 - -110111110111100?
110111111000011
In base 8, what is 4 + -3727?
-3723
In base 3, what is 102 + -112?
-10
In base 14, what is 5 + -3ac11?
-3ac0a
In base 11, what is 4046 - 96?
3a60
In base 12, what is -2a222 + 1?
-2a221
In base 9, what is 4 - -1131817?
1131822
In base 11, what is 33688 - -23?
33700
In base 2, what is -11 - 1001101011001110000?
-1001101011001110011
In base 2, what is 10001000000100 + 110101?
10001000111001
In base 15, what is -1e0 + a8a?
89a
In base 7, what is 3 + 30103?
30106
In base 15, what is 4 + 1b5d0?
1b5d4
In base 12, what is -2 - 23b75?
-23b77
In base 10, what is 7 + -48164?
-48157
In base 8, what is 3007 - -25?
3034
In base 9, what is 4 + 21747?
21752
In base 3, what is -2 + 12001102000?
12001101221
In base 14, what is 243 + 571?
7b4
In base 2, what is 101 + 11100001101111?
11100001110100
In base 3, what is 12 - -11022210?
11022222
In base 6, what is -54 - 404?
-502
In base 10, what is -15923 - 64?
-15987
In base 7, what is 340 - 25?
312
In base 14, what is 3 - 331b?
-3318
In base 8, what is 0 - -13452?
13452
In base 10, what is -11 + 73361?
73350
In base 13, what is -726 - -5?
-721
In base 14, what is -962c - 5?
-9633
In base 2, what is 100110100110110111 - -1?
100110100110111000
In base 10, what is -8 + -1183?
-1191
In base 15, what is -891a + 14?
-8906
In base 13, what is 2 + 30079?
3007b
In base 5, what is 1 + -1232331?
-1232330
In base 15, what is 5 - -b7787?
b778c
In base 15, what is -755e - -7a?
-74d4
In base 2, what is 100010111 - 100111110001?
-100011011010
In base 2, what is 1011100 + -101001100?
-11110000
In base 9, what is 13768 + -44?
13724
In base 3, what is 11001 + -111211020?
-111200012
In base 3, what is -1222100100 + -11?
-1222100111
In base 7, what is -2264364 - -1?
-2264363
In base 8, what is -4 - -3013447?
3013443
In base 4, what is 1113 - -1120011?
1121130
In base 14, what is 11 + -102?
-d1
In base 15, what is -1 + 27d5?
27d4
In base 3, what is -100112220010 + -11?
-100112220021
In base 9, what is 2 - -3357840?
3357842
In base 8, what is -32247 - 5?
-32254
In base 13, what is a3504 - 1?
a3503
In base 12, what is 2 - -9635?
9637
In base 11, what is -974151 + -1?
-974152
In base 14, what is -b55 + -53?
-ba8
In base 8, what is -102737 + 5?
-102732
In base 9, what is -75786 - 14?
-75811
In base 12, what is 41 - 7b8?
-777
In base 3, what is -11101 - -1120102?
1102001
In base 6, what is -10442 - 232?
-11114
In base 11, what is -6 + 8417?
8411
In base 15, what is 2 - -96d6c?
96d6e
In base 4, what is -101 + 321032?
320331
In base 5, what is -4 + 443424?
443420
In base 4, what is 20022 + -120?
13302
In base 6, what is -155 + 125123?
124524
In base 15, what is -5 + -16290?
-16295
In base 15, what is 6e + -1e56?
-1dd7
In base 9, what is -7 + 73410?
73402
In base 9, what is 1415 - -82?
1507
In base 10, what is 26643 + -6?
26637
In base 6, what is -454424 + 5?
-454415
In base 5, what is -21 - 1423124?
-1423200
In base 16, what is 5 - -21a7?
21ac
In base 9, what is -2617 - 124?
-2742
In base 5, what is 2140 - 203134?
-200444
In base 11, what is -12 - -32?
20
In base 6, what is -50 + 311550?
311500
In base 13, what is 0 - -15109?
15109
In base 3, what is 102010200121 + 10?
102010200201
In base 10, what is -48 + -3902?
-3950
In base 10, what is 44491 + 5?
44496
In base 6, what is -155 - 4425?
-5024
In base 9, what is 5 + 1027257?
1027263
In base 3, what is 11 - 221220110210?
-221220110122
In base 9, what is 717370 - -3?
717373
In base 4, what is 122013 + 131?
122210
In base 11, what is 546 - -14?
55a
In base 5, what is 33132410 + -4?
33132401
In base 4, what is 3200 - -220201?
230001
In base 15, what is -6 - -9c7?
9c1
In base 5, what is 1 - 120444100?
-120444044
In base 13, what is -57 - -1c20?
1b96
In base 5, what is -4312 + -2220?
-12032
In base 7, what is 5 + 315560?
315565
In base 2, what is 1100101001 - 1000000111100?
-110100010011
In base 12, what is -1 + -251?
-252
In base 9, what is 2 - 6810?
-6807
In base 2, what is 1100101001 + -10000101100?
-100000011
In base 7, what is -60 - 215?
-305
In base 3, what is 1212 + 1100222?
1102211
In base 12, what is -68b59 + 0?
-68b59
In base 6, what is -1254 - -14?
-1240
In base 2, what is 101111110101111010111 + 11?
101111110101111011010
In base 13, what is -4936a + 2?
-49368
In base 8, what is 173 - 1337?
-1144
In base 4, what is 1220312 + -202?
1220110
In base 3, what is -11 + 21002011?
21002000
In base 6, what is -304342 - 0?
-304342
In base 2, what is 101101100111101101 + 11?
101101100111110000
In base 5, what is 4 + 1021022?
1021031
In base 2, what is 101 - 10010001010010?
-10010001001101
In base 8, what is -7255 + -3?
-7260
In base 11, what is -281 + 945?
674
In base 3, what is -2020000220 - -11?
-2020000202
In base 11, what is -1 + 43?
42
In base 5, what is -10304014 - 41?
-10304110
In base 8, what is 3 + 10365?
10370
In base 9, what is -12 - -7026?
7014
In base 9, what is -180577 + 1?
-180576
In base 11, what is 916aa - 2?
916a8
In base 7, what is 10 - 15505?
-15465
In base 11, what is 0 + 4834?
4834
In base 14, what is -11 - 1830b?
-1831c
In base 5, what is 1 - 1113333?
-1113332
In base 9, what is -6 + 574533?
574526
In base 7, what is -1422 - -256?
-1133
In base 5, what is 100 - -121004?
121104
In base 13, what is -1348 + 17?
-1331
In base 2, what is 111 - -1001011010101?
1001011011100
In base 3, what is -12 - 210120010?
-210120022
In base 4, what is 2301 - 21110?
-12203
In base 16, what is -5 + -2b84?
-2b89
In base 15, what is 823 + 4?
827
In base 14, what is -487 - 136?
-5bd
In base 7, what is -5 - 65620?
-65625
In base 15, what is 4ab - -64?
520
In base 14, what is -10018 + 1?
-10017
In base 8, what is 50 + 1066?
1136
In base 9, what is 66887 + 1?
66888
In base 8, what is 61 - 24610?
-24527
In base 7, what is 0 - -15056532?
15056532
In base 11, what is -8 + 95a7?
959a
In base 10, what is 37 - 138?
-101
In base 15, what is 18e + -362?
-1c3
In base 16, what is 2a + -af83?
-af59
In base 7, what is -1355 + 36?
-1316
In base 7, what is -30235 - -105?
-30130
In base 13, what is 36758 + -3?
36755
In base 3, what is -2 - -1110020010?
1110020001
In base 13, what is 0 + c219?
c219
In base 9, what is -184240 - 8?
-184248
In base 8, what is 1624331 + -2?
1624327
In base 9, what is -416 + -36?
-453
In base 8, what is -1 - -2212067?
2212066
In base 14, what is 81ad1 - 3?
81acc
In base 6, what is -202 - 2041?
-2243
In base 14, what is 3984db - 3?